se 12) to base 10.
-6
What is -2 (base 15) in base 3?
-2
Convert 4 (base 12) to base 16.
4
Convert -2 (base 14) to base 11.
-2
-9 (base 16) to base 7
-12
-3 (base 9) to base 11
-3
Convert -19 (base 12) to base 6.
-33
Convert -11 (base 5) to base 16.
-6
Convert -9 (base 14) to base 5.
-14
-f9 (base 16) to base 15
-119
cc (base 13) to base 6
440
Convert 0 (base 5) to base 3.
0
What is 12 (base 6) in base 7?
11
Convert -e (base 16) to base 15.
-e
Convert 2 (base 10) to base 8.
2
Convert 11 (base 5) to base 9.
6
Convert 102 (base 3) to base 4.
23
1 (base 2) to base 10
1
3 (base 4) to base 6
3
0 (base 13) to base 2
0
What is -e (base 15) in base 12?
-12
What is 50 (base 11) in base 12?
47
-3 (base 7) to base 4
-3
What is -6 (base 14) in base 10?
-6
What is -5 (base 7) in base 12?
-5
Convert -12 (base 4) to base 6.
-10
What is -5 (base 8) in base 16?
-5
What is -1a (base 11) in base 9?
-23
42 (base 11) to base 7
64
Convert -21 (base 10) to base 15.
-16
Convert 1101010 (base 2) to base 9.
127
Convert -68 (base 10) to base 14.
-4c
What is -100010110 (base 2) in base 11?
-233
What is -455 (base 6) in base 8?
-263
11001 (base 2) to base 5
100
5 (base 14) to base 9
5
Convert -212 (base 6) to base 13.
-62
Convert -10 (base 2) to base 12.
-2
-21 (base 5) to base 7
-14
17a (base 13) to base 16
10e
What is 10 (base 3) in base 5?
3
What is -131 (base 8) in base 9?
-108
-3332 (base 4) to base 7
-512
What is 4 (base 7) in base 14?
4
What is 12 (base 5) in base 11?
7
Convert 3 (base 6) to base 14.
3
What is 3 (base 16) in base 13?
3
Convert 14 (base 5) to base 6.
13
-59 (base 16) to base 14
-65
What is 0 (base 2) in base 9?
0
Convert -13 (base 13) to base 14.
-12
What is -1 (base 2) in base 15?
-1
Convert 561 (base 7) to base 13.
192
Convert 8 (base 16) to base 13.
8
Convert 124 (base 6) to base 7.
103
Convert 6 (base 14) to base 12.
6
-40 (base 7) to base 16
-1c
What is -2 (base 6) in base 5?
-2
Convert -9 (base 16) to base 8.
-11
What is 1 (base 3) in base 11?
1
What is -3021 (base 4) in base 5?
-1301
What is 3 (base 6) in base 13?
3
What is -10 (base 5) in base 3?
-12
What is -22 (base 15) in base 3?
-1012
Convert 29 (base 16) to base 10.
41
Convert -16 (base 11) to base 2.
-10001
What is 410 (base 7) in base 4?
3023
What is -8 (base 10) in base 15?
-8
What is -132 (base 5) in base 2?
-101010
What is -1 (base 7) in base 10?
-1
Convert -8a (base 12) to base 13.
-82
-61 (base 12) to base 13
-58
100 (base 3) to base 15
9
What is -11000 (base 2) in base 14?
-1a
-13 (base 4) to base 9
-7
Convert -3 (base 7) to base 2.
-11
Convert -2 (base 14) to base 10.
-2
-37 (base 8) to base 4
-133
122 (base 5) to base 11
34
1 (base 4) to base 14
1
What is 6 (base 12) in base 15?
6
-1 (base 2) to base 5
-1
6 (base 13) to base 4
12
Convert 7 (base 13) to base 11.
7
-310 (base 5) to base 8
-120
-143 (base 5) to base 13
-39
100 (base 3) to base 6
13
What is 20 (base 10) in base 8?
24
-1101010 (base 2) to base 11
-97
Convert 83 (base 14) to base 8.
163
Convert -52 (base 7) to base 10.
-37
Convert 0 (base 14) to base 16.
0
Convert 3 (base 8) to base 3.
10
10 (base 2) to base 16
2
10111 (base 3) to base 4
1132
Convert -247 (base 8) to base 3.
-20012
Convert -108 (base 14) to base 9.
-246
What is 1 (base 12) in base 6?
1
What is -2 (base 7) in base 11?
-2
What is -8 (base 13) in base 7?
-11
What is -1 (base 4) in base 10?
-1
What is -251 (base 9) in base 16?
-d0
Convert -65 (base 8) to base 15.
-38
Convert -2 (base 14) to base 11.
-2
11 (base 3) to base 8
4
What is -1011 (base 2) in base 15?
-b
23 (base 11) to base 13
1c
-7 (base 12) to base 8
-7
Convert -2020 (base 3) to base 15.
-40
What is 10 (base 3) in base 13?
3
Convert 3 (base 7) to base 14.
3
What is -10 (base 5) in base 9?
-5
What is 4 (base 8) in base 12?
4
Convert -61 (base 13) to base 7.
-142
-60 (base 12) to base 9
-80
Convert -11010110 (base 2) to base 4.
-3112
What is 303 (base 5) in base 11?
71
Convert 5 (base 9) to base 8.
5
What is 4 (base 10) in base 2?
100
0 (base 16) to base 15
0
1 (base 13) to base 16
1
What is 11010 (base 2) in base 15?
1b
0 (base 5) to base 10
0
Convert -6 (base 12) to base 4.
-12
Convert 10 (base 8) to base 4.
20
Convert 0 (base 16) to base 4.
0
What is 2 (base 12) in base 9?
2
What is -32 (base 8) in base 4?
-122
What is -331 (base 10) in base 9?
-407
Convert 11 (base 10) to base 12.
b
What is 621 (base 7) in base 12?
219
-39 (base 15) to base 4
-312
Convert 123 (base 7) to base 11.
60
What is 2121 (base 3) in base 7?
130
What is 0 (base 15) in base 5?
0
Convert 3 (base 9) to base 8.
3
-3 (base 5) to base 16
-3
Convert -1110 (base 3) to base 4.
-213
442 (base 5) to base 14
8a
What is -12 (base 3) in base 11?
-5
Convert -4 (base 10) to base 2.
-100
Convert -22 (base 7) to base 15.
-11
Convert -20 (base 3) to base 2.
-110
What is -116 (base 7) in base 8?
-76
What is 11 (base 3) in base 2?
100
What is -10 (base 2) in base 15?
-2
What is 5 (base 10) in base 7?
5
What is 28 (base 14) in base 15?
26
What is -4 (base 6) in base 15?
-4
Convert d (base 15) to base 11.
12
4 (base 11) to base 10
4
Convert 20101 (base 3) to base 2.
10101100
What is -4 (base 5) in base 16?
-4
15 (base 16) to base 11
1a
8 (base 10) to base 5
13
Convert -37 (base 12) to base 8.
-53
1021 (base 3) to base 2
100010
Convert -40 (base 14) to base 7.
-110
-454 (base 6) to base 14
-ca
What is -3 (base 4) in base 11?
-3
Convert -49 (base 15) to base 2.
-1000101
43 (base 5) to base 7
32
What is 9 (base 10) in base 7?
12
Convert -3133 (base 4) to base 13.
-142
3001 (base 4) to base 8
301
Convert b7 (base 14) to base 4.
2201
What is 103 (base 5) in base 16?
1c
-7 (base 12) to base 2
-111
Convert -110112 (base 3) to base 11.
-288
Convert 5 (base 11) to base 4.
11
211 (base 3) to base 5
42
Convert -634 (base 7) to base 16.
-13f
Convert -2 (base 3) to base 15.
-2
13a (base 13) to base 6
1002
Convert 5 (base 7) to base 10.
5
What is -35 (base 10) in base 9?
-38
a (base 12) to base 14
a
What is 0 (base 10) in base 9?
0
Convert -11 (base 3) to base 8.
-4
101 (base 2) to base 12
5
-1 (base 12) to base 4
-1
82 (base 13) to base 4
1222
-4 (base 11) to base 10
-4
16 (base 7) to base 11
12
14 (base 5) to base 7
12
Convert 1001110 (base 2) to base 9.
86
0 (base 11) to base 2
0
Convert 80 (base 12) to base 10.
96
What is -53 (base 14) in base 3?
-2201
Convert 31 (base 6) to base 11.
18
What is 21 (base 9) in base 13?
16
What is 37 (base 10) in base 16?
25
Convert 17 (base 14) to base 3.
210
50 (base 8) to base 7
55
What is a2 (base 16) in base 3?
20000
What is -67 (base 9) in base 16?
-3d
Convert -c (base 14) to base 13.
-c
-3 (base 7) to base 3
-10
Convert 30 (base 12) to base 14.
28
What is -7 (base 15) in base 10?
-7
What is -8 (base 14) in base 2?
-1000
Convert -5b (base 12) to base 10.
-71
Convert 5 (base 9) to base 7.
5
What is 5 (base 13) in base 16?
5
-442 (base 5) to base 9
-145
6 (base 10) to base 14
6
2 (base 3) to base 11
2
-50 (base 15) to base 11
-69
What is -81 (base 11) in base 14?
-65
What is 34 (base 8) in base 13?
22
1b (base 16) to base 6
43
-22200 (base 3) to base 2
-11101010
-13 (base 12) to base 10
-15
9 (base 12) to base 2
1001
-122 (base 11) to base 8
-221
Convert -3 (base 14) to base 15.
-3
Convert -74 (base 13) to base 11.
-87
Convert -166 (base 8) to base 11.
-a8
Convert -18 (base 11) to base 14.
-15
Convert 20 (base 9) to base 15.
13
-a (base 13) to base 9
-11
Convert 152 (base 6) to base 16.
44
Convert -1100 (base 2) to base 10.
-12
Convert 153 (base 6) to base 8.
105
What is 113 (base 4) in base 7?
32
What is 5 (base 11) in base 4?
11
Convert 0 (base 8) to base 6.
0
Convert 205 (base 6) to base 14.
57
Convert -32 (base 5) to base 4.
-101
What is -7 (base 10) in base 5?
-12
-26 (base 13) to base 14
-24
What is 53 (base 14) in base 2?
1001001
What is -10 (base 3) in base 13?
-3
-2 (base 8) to base 12
-2
What is -1 (base 8) in base 16?
-1
Convert 1 (base 10) to base 11.
1
9 (base 11) to base 9
10
Convert 9 (base 16) to base 5.
14
-4 (base 9) to base 4
-10
What is -20 (base 12) in base 4?
-120
Convert e (base 15) to base 7.
20
Convert 185 (base 9) to base 6.
422
What is 100 (base 2) in base 12?
4
10 (base 3) to base 11
3
103 (base 4) to base 3
201
Convert 2 (base 16) to base 2.
10
Convert -146 (base 10) to base 15.
